160 (base 8) in base 7?
-6545264
Convert -2aeea (base 15) to base 10.
-138370
-6286a4 (base 15) to base 16
-4780b4
Convert 101020010200 (base 4) to base 13.
c12616
Convert 403535133 (base 6) to base 16.
695241
-56d9a (base 16) to base 12
-151a4a
Convert -3027087 (base 10) to base 12.
-101b953
Convert -10110000223 (base 4) to base 5.
-242134124
-440513205 (base 6) to base 7
-123654110
What is d7363 (base 15) in base 6?
22343450
2632520 (base 8) to base 13
1c9455
What is 1001212203 (base 5) in base 4?
13202121320
What is -15ab1b (base 13) in base 4?
-2003111133
-12211112021 (base 4) to base 9
-3220352
3010010031 (base 5) to base 9
12150534
What is -212023023 (base 5) in base 15?
-129593
Convert -821613 (base 9) to base 16.
-76d55
-126180 (base 11) to base 5
-22323103
What is -2403040 (base 10) in base 6?
-123301104
-339038 (base 10) to base 5
-41322123
3b708 (base 14) to base 4
203311330
-1401721 (base 8) to base 10
-394193
What is 100401005 (base 6) in base 5?
414222231
What is 17baf (base 16) in base 5?
11102244
Convert 111012011211 (base 3) to base 14.
6a8aa
What is -312755 (base 13) in base 5?
-243214322
What is 23054651 (base 8) in base 10?
5003689
50636 (base 9) to base 3
1200201020
Convert -10110100111110000 (base 2) to base 3.
-11201002201
Convert -fe5874 (base 16) to base 15.
-16e3d78
-231332122 (base 5) to base 7
-11602124
What is 3b4c (base 14) in base 12?
6074
What is -644604 (base 7) in base 6?
-2223020
What is -2594130 (base 10) in base 12?
-a51296
19a11 (base 11) to base 15
83b2
Convert -54715 (base 10) to base 11.
-38121
What is 20002212110011 (base 3) in base 16?
318433
What is 306498 (base 11) in base 13?
142a85
What is 317201 (base 8) in base 4?
121322001
Convert d5626 (base 14) to base 15.
a25e3
Convert -1023148 (base 14) to base 16.
-74318c
Convert -163dc (base 16) to base 10.
-91100
136502 (base 8) to base 16
bd42
What is 6520341 (base 7) in base 14?
169991
Convert f785 (base 16) to base 9.
105825
221332105 (base 6) to base 4
33032331221
1345416 (base 7) to base 11
112a31
What is -67912 (base 10) in base 2?
-10000100101001000
5041 (base 12) to base 3
102220211
What is -d9b8ad (base 14) in base 16?
-707291
What is -11223311302 (base 4) in base 15?
-1e687a
Convert -415321310 (base 6) to base 14.
-d6d038
What is -12022022210 (base 3) in base 2?
-11001100000100100
30221031012 (base 4) to base 6
155012530
What is 10111111100001111 (base 2) in base 15?
1e0c8
Convert 532967 (base 13) to base 2.
111011011100111110100
What is 432121 (base 5) in base 12?
8599
What is 5003d3 (base 15) in base 10?
3797748
What is -23d632 (base 14) in base 8?
-4536014
-12644 (base 14) to base 9
-67825
-1001200100001 (base 3) to base 13
-169c24
23502 (base 13) to base 7
356136
363352 (base 7) to base 15
1487a
Convert -32450120 (base 7) to base 14.
-527047
Convert -76e21 (base 15) to base 12.
-16277a
Convert -80630 (base 11) to base 2.
-11100110001111111
-806665 (base 11) to base 5
-313002231
-2242112130 (base 5) to base 2
-10011001101010100011010
-13132032112 (base 4) to base 10
-1958806
What is 685 (base 14) in base 13?
786
3756166 (base 9) to base 11
1177479
What is 21053531 (base 7) in base 2?
110110010000101110100
What is 5954b (base 13) in base 3?
22022021001
What is -10002010003 (base 4) in base 10?
-1057027
What is -415612 (base 8) in base 15?
-2add2
Convert 8878 (base 16) to base 14.
ca36
10741704 (base 8) to base 3
11102002012020
6810348 (base 11) to base 10
11932830
Convert 21302210112 (base 4) to base 15.
35a64c
Convert 121000112 (base 5) to base 10.
562532
What is 723121 (base 8) in base 12?
b6501
Convert 11011100000100001010110 (base 2) to base 15.
976949
What is -112224135 (base 6) in base 8?
-7716573
What is 101302324 (base 5) in base 14?
ab83a
What is 32a051 (base 15) in base 7?
26340400
What is -32244424 (base 5) in base 9?
-458183
Convert -5e70c (base 16) to base 7.
-3200531
-1100000101112 (base 3) to base 11
-44464a
212100002121 (base 3) to base 6
13502324
Convert -112112221102101 (base 3) to base 12.
-270ba24
What is -110ba47 (base 15) in base 8?
-56377402
-11110010010102 (base 3) to base 14
-457863
-927454 (base 10) to base 12
-38887a
Convert -12121002210 (base 3) to base 15.
-22989
What is 22babb (base 12) in base 11?
352593
Convert a1bc2 (base 13) to base 15.
5ad19
What is -5ccf24 (base 16) in base 7?
-102461525
-100100100100201 (base 3) to base 11
-289280a
13103313420 (base 5) to base 9
33216882
What is -a3ab9 (base 12) in base 10?
-214125
11fc5d (base 16) to base 7
13006331
Convert 5810302 (base 12) to base 5.
13314113441
Convert 2021121200 (base 3) to base 8.
127567
2100001122221 (base 3) to base 10
1241242
Convert 18325a0 (base 13) to base 9.
15752522
-21012120210020 (base 3) to base 9
-7176706
What is -36848b4 (base 13) in base 5?
-13314300320
Convert 3757280 (base 11) to base 6.
351503500
What is 422042233 (base 5) in base 13?
494a92
-12222120122120 (base 3) to base 2
-1100001000011101010100
-20865b7 (base 12) to base 11
-351a996
What is -1505030 (base 6) in base 16?
-1526a
157c49 (base 13) to base 9
1000148
What is 236a9 (base 12) in base 3?
2102100210
-2201211220001 (base 3) to base 4
-11202313222
What is 1a077a (base 11) in base 2?
1001011010010101011
14bb6b3 (base 12) to base 11
2429693
Convert -2780628 (base 12) to base 11.
-44a2880
What is -6081262 (base 9) in base 6?
-153253345
27cd1 (base 15) to base 5
13042041
Convert 111302223 (base 4) to base 15.
1b6a9
What is 5530444 (base 7) in base 6?
22322451
-2a86644 (base 13) to base 7
-223451140
-23a34 (base 15) to base 8
-336012
Convert 161e4 (base 16) to base 13.
3230c
Convert -504350 (base 8) to base 11.
-103899
1673948 (base 14) to base 2
101010000110001100111100
Convert 30231021 (base 4) to base 6.
1040533
-556745 (base 8) to base 14
-4c67b
Convert 1134280 (base 10) to base 11.
705224
110003011111 (base 4) to base 14
9ab3b7
What is -384391 (base 10) in base 8?
-1356607
What is 221698 (base 12) in base 16?
84494
What is -59078 (base 11) in base 13?
-2ca72
2221102221002 (base 3) to base 9
2842832
3b1c5 (base 15) to base 3
100121211012
What is -145a40 (base 14) in base 7?
-6003610
What is -20330623 (base 7) in base 12?
-6a2851
-14455044 (base 6) to base 4
-1323112210
-39a99 (base 14) to base 6
-3013331
Convert -10200223 (base 4) to base 14.
-6a39
What is 245347 (base 9) in base 13?
52648
-7037031 (base 10) to base 12
-2434433
33b734 (base 13) to base 12
4b0a77
What is 4462204 (base 9) in base 10?
2402950
Convert -15154303 (base 6) to base 16.
-8103f
10a523 (base 11) to base 9
286034
-13664307 (base 9) to base 6
-401105354
What is -11000102112 (base 3) in base 15?
-18648
Convert -1995926 (base 12) to base 8.
-24535756
-785671 (base 10) to base 3
-1110220201221
What is -114150405 (base 6) in base 11?
-1246305
Convert -103010213 (base 4) to base 8.
-230447
335572 (base 13) to base 8
4476135
What is -21720311 (base 9) in base 2?
-101000001001010111000001
What is -29d11 (base 14) in base 3?
-12021210020
-169e1 (base 15) to base 12
-36387
Convert -6401875 (base 9) to base 3.
-20110001222112
Convert 11010111211020 (base 3) to base 10.
2194890
-474438 (base 15) to base 10
-3406328
Convert -36a49 (base 13) to base 14.
-2894c
1021302212 (base 6) to base 2
101000110110010001100000
Convert -44004 (base 9) to base 15.
-8994
What is 1342665 (base 7) in base 12?
874b9
-11000000110111101010 (base 2) to base 5
-200234434
What is 12013200331 (base 4) in base 16?
18783d
What is -1302240243 (base 6) in base 9?
-31583520
What is 1043420 (base 6) in base 3?
2200012210
-817178 (base 10) to base 14
-173b3c
-b41790 (base 15) to base 5
-4142420320
23241100 (base 5) to base 10
212025
What is 2124644 (base 8) in base 5?
121131331
What is -2001020 (base 6) in base 7?
-536466
Convert 867937 (base 15) to base 8.
30334544
-1031344430 (base 5) to base 16
-21cebf
-5a7dc (base 16) to base 14
-99112
Convert -21407b6 (base 12) to base 3.
-102212022200110
What is -131544452 (base 6) in base 12?
-a5b128
153242 (base 9) to base 3
11210021102
What is -2322487 (base 9) in base 7?
-13444633
What is 24144464 (base 8) in base 9?
10858473
What is 307772 (base 8) in base 3?
12012110101
What is -120221021012 (base 3) in base 11?
-1a472a
What is 127886 (base 9) in base 6?
1401040
What is -69b85 (base 13) in base 15?